m + 6. What is y(10)?
86
Let r(v) = v**3 + 2*v**2 + 6*v + 2. What is r(-4)?
-54
Let c(t) = t**2 + t + 6. Calculate c(0).
6
Let s(d) = d**2 + 11*d - 5. What is s(-11)?
-5
Let v(w) = -w - 22. Determine v(10).
-32
Let d(c) = -c**2 - 2*c + 1. Give d(-2).
1
Let m(j) = -j**3 - 6*j**2 + 4*j + 5. Calculate m(-6).
-19
Let h(u) = -u + 1. What is h(9)?
-8
Let m(t) = t**2 + 38*t - 175. Determine m(4).
-7
Let j(p) = 3*p**2 + 5*p + 8. Calculate j(-7).
120
Let j(h) = -h**2 - 6. Determine j(-5).
-31
Let w(s) = -s**2 + 2. Give w(-5).
-23
Let t(a) = -a**3 + 2*a - 7. Calculate t(0).
-7
Let r(n) = -n**3 - 2*n**2 + 3*n + 2. Calculate r(-4).
22
Let i(l) = -l**2 + 4*l + 1. Determine i(3).
4
Let y(s) = -2*s**2 + 7*s + 9. Determine y(8).
-63
Let n(p) = -3*p**2 + 4*p - 7. Give n(-5).
-102
Let c(a) = -a**2 - 31*a - 14. Determine c(-31).
-14
Let s(d) = d**3 - 11*d**2 - 10*d + 15. Give s(11).
-95
Let z(w) = w**3 - 18*w**2 + 2*w - 21. What is z(18)?
15
Let l(o) = 141*o - 711. Give l(5).
-6
Let n(m) = 2*m + 1. Calculate n(10).
21
Let t(c) = -c**2 + 10*c - 10. Give t(7).
11
Let v(k) = -4*k**2 - 6*k - 5. What is v(-4)?
-45
Let i(q) = -q - 30. Give i(-14).
-16
Let y(s) = -4*s**2 - 28*s - 51. Calculate y(-4).
-3
Let v(u) = -u**2 + 8*u - 8. What is v(9)?
-17
Let o(m) = -63*m - 73. Give o(-1).
-10
Let f(d) = d**3 - 2*d**2 - 2*d + 2. Give f(0).
2
Let l(k) = k**3 + k**2 - k - 13. Give l(0).
-13
Let i(z) = 2*z**2 - 8*z - 4. Determine i(6).
20
Let c(o) = -5*o - 2. Determine c(-4).
18
Let f(b) = -21*b + 276. What is f(13)?
3
Let l(u) = -3*u**2 - 26*u - 52. Calculate l(-5).
3
Let r(l) = l**3 + l**2 - l - 15. Calculate r(0).
-15
Let m(l) = -2*l - 30. Determine m(-5).
-20
Let s(w) = 2*w**3 + 2*w**2 - w + 2. What is s(-2)?
-4
Let v(w) = -7*w + 2. Determine v(-5).
37
Let g(t) = -t**2 - t - 48. Determine g(0).
-48
Let f(j) = j**2 + 7*j + 13. Determine f(-6).
7
Let c(q) = q**3 - 8*q**2 + 9*q - 4. What is c(7)?
10
Let l(r) = -8*r + 142. Determine l(18).
-2
Let a(v) = -4*v - 13. What is a(-10)?
27
Let r(k) = -k**3 - 5*k**2 - 5*k - 14. Determine r(-8).
218
Let f(i) = i**3 + 4*i**2 - 4*i - 24. Give f(-4).
-8
Let f(p) = 50*p**3 + 2*p**2 - 2*p + 1. Calculate f(1).
51
Let p(f) = f + 6. Determine p(-7).
-1
Let f(i) = 6*i + 1. Give f(1).
7
Let q(r) = -2*r**3 + 6*r**2 - r. What is q(4)?
-36
Let k(l) = l**2 + 5*l + 3. Determine k(-5).
3
Let z(i) = i**2 + 2*i + 7. Determine z(-3).
10
Let f(y) = 58*y + 175. Calculate f(-3).
1
Let m(y) = 3*y + 21. Calculate m(-19).
-36
Let v(l) = -l**3 - 22*l**2 - 21*l - 6. Calculate v(-21).
-6
Let k(n) = 3*n**2 - 22*n + 1. Calculate k(7).
-6
Let g(o) = -13*o - 106. Give g(-8).
-2
Let y(m) = 5*m + 10. What is y(0)?
10
Let b(j) = -2*j**3 - 2*j**2 + 2*j - 4. Calculate b(-3).
26
Let j(h) = 8*h + 17. Calculate j(5).
57
Let i(p) = p**3 + 13*p**2 + p + 10. What is i(-13)?
-3
Let r(i) = i**3 + 31*i**2 - 34*i - 50. Give r(-32).
14
Let f(j) = 7*j + 10. Calculate f(-5).
-25
Let o(g) = 4*g - 12. Give o(5).
8
Let v(q) = 3*q + 18. What is v(-4)?
6
Let l(a) = -31*a - 19. Determine l(-1).
12
Let t(u) = -2*u + 4. What is t(5)?
-6
Let k(h) = 49*h**3 + h**2 + h. Determine k(-1).
-49
Let d(b) = -b**3 - 17*b**2 - 5. Determine d(-17).
-5
Let g(w) = 2*w**2 - 7*w - 11. Determine g(4).
-7
Let d(a) = 2*a**3 - 7*a - 6. Calculate d(3).
27
Let v(m) = -m - 3. Calculate v(-8).
5
Let a(k) = -k**2 - 3*k + 28. Calculate a(7).
-42
Let s(d) = -d**2 + 2*d + 7. What is s(-3)?
-8
Let x(a) = -6*a - 50. Determine x(-9).
4
Let h(c) = c - 5. Calculate h(9).
4
Let y(r) = -r**3 + 11*r**2 - 4*r + 12. Determine y(10).
72
Let p(g) = -2*g**2 + 4*g - 4. What is p(-6)?
-100
Let b(x) = -x + 13. Calculate b(19).
-6
Let g(o) = -o**2 - 5*o - 2. Determine g(-3).
4
Let i(s) = 2*s**3 - 18*s**2 + 2*s - 12. Give i(9).
6
Let g(o) = o**3 + o + 12. Determine g(0).
12
Let p(c) = -c**2 + c + 38. Calculate p(8).
-18
Let n(a) = 2*a**2 - 34*a - 43. What is n(18)?
-7
Let k(q) = -q**2 - q. Calculate k(3).
-12
Let i(g) = -g**3 + g**2 + 2*g + 1. Determine i(-1).
1
Let w(h) = 4*h + 2. Determine w(-6).
-22
Let w(o) = -o + 18. What is w(13)?
5
Let u(y) = y**3 - 9*y**2 + 10*y + 22. Give u(7).
-6
Let q(h) = 3*h**2 - 31*h - 4. Determine q(13).
100
Let n(t) = -4*t - 13. Calculate n(-4).
3
Let o(b) = 18*b - 2. Give o(1).
16
Let k(r) = r**2 - 2*r - 4. Determine k(5).
11
Let o(i) = 4*i + 15. Calculate o(-4).
-1
Let w(o) = o**2 + 7*o - 13. What is w(-9)?
5
Let n(c) = -2*c - 7. Give n(5).
-17
Let h(v) = 2*v**2 + 40*v - 17. Determine h(-20).
-17
Let v(r) = r - 9. Give v(-7).
-16
Let p(j) = -2*j + 8. Give p(4).
0
Let v(l) = -l**3 + 2*l - 5. Calculate v(2).
-9
Let d(m) = m**2 - 4*m - 2. Give d(5).
3
Let g(i) = -i**3 + 10*i**2. What is g(10)?
0
Let q(x) = -21*x + 226. Give q(11).
-5
Let t(y) = -y**3 + 8*y**2 + 11*y - 13. Calculate t(9).
5
Let b(m) = m**2 - 2*m. Calculate b(1).
-1
Let f(w) = w**2 + 8*w + 8. Calculate f(-6).
-4
Let k(b) = 2*b**2 - 27*b - 8. Determine k(14).
6
Let i(f) = -f**3 + 10*f**2 - 3*f + 1. Determine i(5).
111
Let j(q) = -q**2 - 7*q + 24. What is j(-9)?
6
Let a(c) = -12*c + 25. Determine a(2).
1
Let a(u) = 9*u - 34. Determine a(4).
2
Let c(p) = -5*p**2 - 25*p + 2. Give c(-5).
2
Let r(d) = -d**3 - d**2 - 11*d + 7. Determine r(0).
7
Let f(z) = 60*z - 478. Calculate f(8).
2
Let x(z) = -6*z**3 + z**2 - 2*z. Calculate x(-2).
56
Let i(a) = 2*a**2 + a - 2. What is i(6)?
76
Let p(i) = -i**3 - 7*i**2 - 8*i - 11. Determine p(-6).
1
Let p(y) = -y**2 - 12*y + 32. What is p(-15)?
-13
Let h(p) = 2*p**2 - 5*p + 5. What is h(-6)?
107
Let g(z) = 25*z + 120. What is g(-6)?
-30
Let x(j) = -j**3 + 4*j**2 - j - 2. Determine x(2).
4
Let q(a) = a**3 - a**2 - 6*a + 5. Determine q(2).
-3
Let x(r) = 3*r**3 + 3*r**2 + 2*r - 4. Calculate x(-3).
-64
Let y(g) = 2*g**3 - 16*g**2 - 16*g + 3. Determine y(9).
21
Let d(s) = s**2 + 23*s - 28. Calculate d(-23).
-28
Let j(p) = p - 18. Give j(22).
4
Let v(p) = -6*p + 3. What is v(1)?
-3
Let r(s) = -36*s - 2. What is r(0)?
-2
Let g(q) = -q**2 + 11*q - 1. Determine g(8).
23
Let z(j) = -j**2 + 43*j + 193. Determine z(47).
5
Let c(x) = x**3 - 9*x**2 - 37*x + 20. Give c(12).
8
Let c(f) = 31*f**3 - f**2 - 2*f - 2. Calculate c(-1).
-32
Let q(s) = -4*s + 53. What is q(0)?
53
Let j(h) = -h**3 - 4*h**2 - 5*h + 2. Give j(-5).
52
Let d(t) = 8*t - 51. Determine d(14).
61
Let m(r) = -r**3 + 3. Calculate m(2).
-5
Let y(g) = -g**2 - 24*g - 18. What is y(-24)?
-18
Let x(w) = 2*w**3 + 3*w**2 - 1. What is x(2)?
27
Let q(w) = -w**3 - 3*w**2 + w - 5. Determine q(-4).
7
Let p(d) = d**2 - 7*d - 45. Determine p(11).
-1
Let i(f) = -3*f**2 + 71*f - 42. Determine i(23).
4
Let o(g) = -g**3 + 4*g**2 - 7*g + 14. What is o(4)?
-14
Let u(x) = -9*x**2 - 2*x - 10. Calculate u(-3).
-85
Let l(k) = 32*k + 154. What is l(-6)?
-38
Let c(w) = -7*w**2 - 2*w + 1. Give c(1).
-8
Let w(u) = u**2 + 47*u + 249. What is w(-40)?
-31
Let p(g) = -g**3 + 17*g**2 + 109*g + 25. Determine p(22).
3
Let u(f) = -2*f + 14. Calculate u(7).
0
Let a(o) = -o**3 + 3*o**2 + 12*o - 7. Calculate a(5).
3
Let x(s) = -2*s**2 - 75*s + 46. Determine x(-38).
8
Let l(q) = -3*q**2 - 35*q + 7. Determine l(-12).
-5
Let y(g) = 2*g**2 - 21*g + 7. Give y(10).
-3
Let o(z) = -z**3 - 10*z**2 + 7*z + 141. Give o(-9).
-3
Let u(m) = -7*m**2 + m + 2. Give u(2).
-24
Let u(o) = o**3 + 13*o**2 + 8*o - 30. Determine u(-12).
18
Let x(n) = -4*n + 9. What is x(4)?
-7
Let a(t) = 7*t**3 - 3*t**2 + 2. Give a(-2).
-66
Let s(h) = -3*h - 28. Calculate s(-12).
8
Let a(j) = 19*j + 2. Calculate a(2).
40
Let h(f) = 3*f**2 + 17*f - 3. Determine h(-6).
3
Let i(n) = -n**2 + 7*n + 6. Give i(-6).
-72
Let d(b) = b**3 - 3*b**2 - 2*b - 5. What is d(4)?
3
Let x(v) = -3*v**2 + 7*v - 11. Calculate x(6).
-77
Let f(k) = 44*k + 256. Calculate f(-6).
-8
Let n(b) = -2*b**2 - 15*b + 2. What is n(-7)?
9
Let k(u) = 4*u + 8. What is k(12)?
56
Let k(h) = -h**3 + 21*h**2 - 2*h - 19. Calculate k(21).
-61
Let n(b) = 6*b + 45. Calculate n(-5).
15
Let m(r) = -r**3 + 39*r**2 - 2*r + 83. Give m(39).
5
Let h(i) = -i**3 - 19*i**2 - 29*i - 156. Give h(-18).
42
Let h(s) = -s + 6. Calculate h(23).
-17
Let k(i) = 3*i**2 - 3*i - 4. What is k(4)?
32
Let t(m) = m**3 + m**2 - 4*m - 167. What is t(0)?
-167
Let q(j) = 38*j - 181. Calculate q(5).
9
Let f(w) = 4*w - 21. Give f(7).
7
Let k(l) = l**2 - l + 9. Give k(-6).
51
Let j(n) = -n - 17. Give j(-15).
-2
Let m